 common divisor of 938 and 169309.
469
Calculate the greatest common divisor of 1040 and 35685.
65
Calculate the highest common divisor of 40 and 22810.
10
What is the highest common factor of 588 and 3246?
6
Calculate the greatest common factor of 17469 and 594.
27
Calculate the highest common factor of 188180 and 20.
20
What is the greatest common factor of 399 and 7833?
21
What is the greatest common divisor of 1026 and 79914?
114
What is the greatest common factor of 16 and 34376?
8
What is the highest common divisor of 1215 and 274185?
405
What is the highest common divisor of 303186 and 690?
138
Calculate the greatest common divisor of 112211 and 11.
11
What is the greatest common divisor of 54079 and 82?
41
What is the greatest common divisor of 14990 and 310?
10
Calculate the greatest common factor of 48 and 1473960.
24
Calculate the highest common divisor of 117594 and 31692.
834
What is the highest common divisor of 867 and 4063?
17
What is the highest common factor of 372140 and 92?
92
What is the highest common factor of 3744624 and 12?
12
Calculate the highest common factor of 6176 and 130468.
772
What is the greatest common factor of 212132 and 2930?
586
What is the highest common divisor of 10408 and 160?
8
Calculate the greatest common divisor of 6 and 133509.
3
What is the greatest common divisor of 176134 and 92?
46
What is the greatest common factor of 413 and 6146?
7
Calculate the highest common divisor of 68021 and 251.
251
What is the greatest common factor of 15808 and 468?
52
What is the greatest common divisor of 265 and 19769?
53
Calculate the greatest common divisor of 2004 and 1389774.
1002
Calculate the greatest common factor of 300 and 20325.
75
What is the greatest common divisor of 10575 and 2679?
141
What is the highest common factor of 13614 and 36?
6
What is the highest common divisor of 44376 and 384?
24
Calculate the highest common divisor of 78730 and 10.
10
Calculate the greatest common factor of 480 and 637200.
240
Calculate the highest common divisor of 104 and 11336.
104
What is the greatest common divisor of 117996 and 24?
12
Calculate the highest common factor of 1157 and 507.
13
What is the greatest common divisor of 290 and 43326?
58
Calculate the highest common factor of 139687 and 1927.
41
What is the greatest common divisor of 1545526 and 319?
29
What is the highest common divisor of 70523 and 3161?
109
What is the greatest common divisor of 24 and 72012?
12
What is the highest common factor of 513 and 1045?
19
Calculate the greatest common divisor of 165 and 5745.
15
What is the highest common divisor of 370955 and 439?
439
What is the highest common factor of 264 and 238788?
132
Calculate the highest common factor of 445201 and 3817.
347
Calculate the greatest common divisor of 15554 and 1352087.
1111
What is the highest common factor of 7614376 and 16?
8
What is the greatest common factor of 2976 and 5830976?
992
What is the highest common divisor of 155360 and 90?
10
Calculate the greatest common factor of 834 and 1116448.
278
What is the highest common divisor of 88 and 979528?
88
Calculate the highest common factor of 1093 and 9.
1
What is the greatest common factor of 604 and 9886876?
604
What is the greatest common factor of 2088 and 3024?
72
Calculate the highest common factor of 257686 and 748.
374
What is the greatest common divisor of 201 and 448431?
201
Calculate the highest common divisor of 66 and 11407.
11
Calculate the greatest common factor of 240 and 1070424.
24
What is the greatest common factor of 1905 and 135?
15
Calculate the greatest common divisor of 28249 and 159.
53
Calculate the highest common divisor of 8 and 158344.
8
What is the greatest common factor of 32 and 384704?
32
Calculate the greatest common divisor of 256104 and 144.
72
What is the greatest common factor of 5510 and 10295?
145
What is the greatest common factor of 4132825 and 50?
25
What is the greatest common divisor of 135 and 152631?
27
What is the greatest common divisor of 368 and 73232?
368
Calculate the highest common divisor of 4851 and 45.
9
What is the greatest common divisor of 8 and 15968?
8
Calculate the highest common divisor of 182875 and 19.
19
Calculate the highest common factor of 8349 and 9.
3
Calculate the highest common factor of 2375 and 19975.
25
What is the greatest common factor of 20030 and 18?
2
What is the greatest common factor of 533 and 637?
13
Calculate the highest common divisor of 83 and 2717005.
83
Calculate the highest common factor of 1313 and 12423.
101
What is the highest common divisor of 9315 and 161?
23
Calculate the greatest common divisor of 4503 and 38.
19
Calculate the greatest common divisor of 67824 and 34383.
471
Calculate the greatest common factor of 17137 and 73.
1
What is the greatest common factor of 16276 and 260?
52
What is the greatest common factor of 2200 and 1298?
22
What is the greatest common divisor of 6786 and 18252?
234
What is the highest common divisor of 2816 and 144?
16
Calculate the greatest common divisor of 735 and 190890.
105
Calculate the highest common factor of 152 and 86168.
8
What is the highest common factor of 3564 and 19620?
36
What is the highest common divisor of 144333 and 189?
63
What is the highest common divisor of 16 and 55888?
16
What is the highest common divisor of 25669 and 1064?
133
Calculate the greatest common factor of 133 and 2871071.
133
What is the greatest common divisor of 262 and 62?
2
What is the greatest common factor of 262 and 115804?
262
Calculate the highest common factor of 2422 and 28.
14
What is the greatest common factor of 1334 and 17226?
58
What is the highest common divisor of 64 and 1556992?
64
Calculate the highest common divisor of 672 and 368184.
24
Calculate the greatest common factor of 983 and 238.
1
What is the greatest common factor of 256 and 517504?
128
What is the highest common factor of 520 and 25168?
104
What is the greatest common factor of 25570 and 10?
10
Calculate the greatest common divisor of 2952288 and 2160.
432
What is the greatest common divisor of 1946 and 97930?
14
What is the highest common divisor of 3954 and 192?
6
What is the highest common divisor of 2664652 and 2672?
668
What is the highest common factor of 140 and 1604?
4
What is the greatest common divisor of 21010 and 2398?
22
Calculate the greatest common divisor of 168524 and 8.
4
What is the highest common divisor of 1273 and 171?
19
Calculate the greatest common divisor of 33 and 44198.
11
Calculate the highest common factor of 69 and 231863.
23
Calculate the highest common factor of 17 and 7950390.
17
Calculate the greatest common factor of 5 and 43235.
5
What is the greatest common divisor of 99 and 424523?
11
What is the highest common divisor of 9 and 107136?
9
Calculate the highest common divisor of 236753 and 44.
11
What is the highest common factor of 66495 and 33?
33
What is the highest common factor of 84 and 2452?
4
What is the greatest common divisor of 261118 and 66?
22
What is the greatest common divisor of 28522 and 91?
13
What is the highest common divisor of 666561 and 126?
21
Calculate the highest common factor of 2504 and 195938.
626
Calculate the highest common factor of 9441 and 117.
9
Calculate the greatest common factor of 6612 and 22740.
12
Calculate the highest common factor of 55200 and 92.
92
Calculate the greatest common factor of 51 and 264044.
17
What is the greatest common divisor of 3876 and 34068?
204
Calculate the greatest common factor of 24075 and 250.
25
What is the greatest common divisor of 2968 and 2641149?
371
Calculate the highest common factor of 55636 and 7.
7
Calculate the highest common divisor of 29730 and 270.
30
What is the highest common factor of 231 and 436205?
77
Calculate the greatest common divisor of 38 and 104367.
19
Calculate the greatest common factor of 477 and 20299.
53
What is the highest common divisor of 128028 and 31326?
1362
Calculate the greatest common factor of 5556 and 168.
12
Calculate the greatest common factor of 2495514 and 14.
14
What is the greatest common factor of 14678 and 10?
2
Calculate the highest common factor of 8300 and 12699.
83
Calculate the highest common divisor of 2090 and 1178.
38
What is the greatest common 